{"id":64,"date":"2015-08-08T11:43:17","date_gmt":"2015-08-08T09:43:17","guid":{"rendered":"\/simonescagliarini\/?page_id=64"},"modified":"2025-11-01T11:44:38","modified_gmt":"2025-11-01T11:44:38","slug":"tesi-di-laurea","status":"publish","type":"page","link":"https:\/\/morespace.economia.unimore.it\/simonescagliarini\/tesi-di-laurea\/","title":{"rendered":"Tesi di laurea"},"content":{"rendered":"<p>La redazione della tesi di laurea rappresenta un momento molto importante nella carriera di uno studente, che con essa conclude il percorso dei propri studi. \u00c8 quindi opportuno scegliere con attenzione il relatore ed il tema della tesi non solo e non tanto nella prospettiva di una eventuale spendita del lavoro di tesi una volta usciti dall\u2019Universit\u00e0 (il che \u00e8 possibile ma niente affatto scontato e comunque non un \u00e8 quasi mai l\u2019elemento determinante per trovare un\u2019occupazione), ma anche e soprattutto, nell\u2019immediato, per chiudere gli studi con un lavoro che possa essere soddisfacente, utile e costruttivo.<br \/>\nGli studenti interessati all\u2019assegnazione della tesi con me possono contattarmi negli orari di ricevimento per discutere di possibili lavori, di tempi, temi, ecc., ferma restando, per il corso di laurea in Relazioni di lavoro, la procedura di assegnazione ivi prevista.<br \/>\nIn particolare, per quanto riguarda i tempi, ritengo debba essere lo studente a darseli autonomamente in base alle proprie esigenze (di studio, famigliari, lavorative, ecc.), fermo restando che vi \u00e8 un tempo minimo occorrente per fare un lavoro serio (variabile a seconda del tema e del tipo di tesi) e che va assicurato un margine di tempo sufficiente per un\u2019adeguata correzione.<br \/>\nCon riguardo a quest&#8217;ultima, segnalo che la qualit\u00e0 redazionale del testo che mi viene trasmesso (dal punto di vista anzitutto della correttezza grammaticale oltre che sotto il profilo logico-argomentativo e stilistico) \u00e8 fondamentale sia per ridurre i tempi di correzione, sia perch\u00e9 un testo ben scritto sicuramente consente sempre in generale al lettore di poter meglio apprezzare il contenuto di merito, che altrimenti rischia di essere messo in ombra da errori di composizione, purtroppo statisticamente piuttosto frequenti. Suggerisco perci\u00f2 sempre agli studenti, in caso di dubbio (ma forse come ripasso opportuno in ogni caso&#8230;) di riguardarsi bene almeno le regole basilari, utilizzando il libro gi\u00e0 studiato alle scuole superiori o, in alternativa, leggendo un agile e piacevole libretto di Luca Serianni,\u00a0<em>Prima lezione di grammatica<\/em>, Roma-Bari, ultima edizione disponibile.<br \/>\nPer quanto concerne l\u2019argomento, per le ragioni di cui sopra, \u00e8 opportuno che lo studente pensi se ha gi\u00e0 un argomento, trattato o meno a lezione, che pu\u00f2 interessargli particolarmente; questa \u00e8 sempre la migliore base di partenza per discutere del tema. Sono disponibile a seguire anche tesi su tematiche interdisciplinari \u2013 eventualmente in correlazione con altri colleghi \u2013 purch\u00e9 ovviamente presentino profili di interesse giuspubblicistico.<br \/>\nA mero titolo esemplificativo, elenco di seguito alcune proposte di possibili temi di tesi:<\/p>\n<p><span style=\"color: #e73b00\">1) L&#8217;invalidit\u00e0 delle leggi incomprensibili: chiarezza e certezza del diritto nella giurisprudenza costituzionale<br \/>\n<span style=\"color: #333333\">Nel 2023 la Corte costituzionale per la prima volta ha dichiarato incostituzionale una legge per la sua totale incomprensibilit\u00e0. Il lavoro di tesi, di carattere sicuramente sperimentale, potrebbe ricostruire il dibattito dottrinario e i precedenti &#8220;indiretti&#8221; che hanno anticipato questa eclatante pronuncia, per poi cercare di individuare, anche alla luce della giurisprudenza successiva, i parametri su cui la Corte potrebbe consolidare il proprio orientamento e i vizi di redazione della legge che potrebbero rappresentare un elemento in grado di condurre alla sua incostituzionalit\u00e0 (e quindi ad una pronuncia di accoglimento da parte della Consulta).<\/span><br \/>\n<\/span><\/p>\n<p><span style=\"color: #e73b00\">2) Parlamento e Governo nella produzione normativa: problemi attuali e possibili rimedi<\/span><\/p>\n<p>Non sfugge ormai a nessun osservatore il problematico (e antitetico rispetto al disegno costituzionale) rapporto tra parlamento e Governo nella produzione normativa, con il secondo soggetto che assume sempre pi\u00f9 un ruolo attivo e principale ed il primo che, a dispetto del disegno di forma di governo parlamentare, sembra pi\u00f9 che altro ratificare decisioni assunte in altre sedi. Paradigmatico di questo trend \u00e8 l&#8217;abuso della decretazione d&#8217;urgenza, cui la Corte costituzionale sta cercando, anche in decisioni molto recenti, di porre un qualche freno, ma che finora appare un dato di estrema rilevanza (e preoccupazione). La tesi, di carattere sperimentale, potrebbe concentrarsi su un&#8217;analisi, anche quantitativa, di questa tendenza, sulla base dei dati forniti dagli uffici parlamentari, per poi inquadrarla, da un punto di vista giuridico, nel solco del dibattito dottrinario e dell&#8217;<em>acquis<\/em> giurisprudenziale, al fine di provare a individuare possibili rimedi, <em>de jure condito<\/em> e <em>de jure condendo<\/em>.<\/p>\n<p><span style=\"color: #e73b00\">3) <\/span><span style=\"color: #e73b00\"><span data-sheets-root=\"1\" data-sheets-value=\"{&quot;1&quot;:2,&quot;2&quot;:&quot;2. L'eterno mito della semplificazione normativa: a che punto siamo?&quot;}\" data-sheets-userformat=\"{&quot;2&quot;:1021,&quot;3&quot;:{&quot;1&quot;:0},&quot;5&quot;:{&quot;1&quot;:[{&quot;1&quot;:2,&quot;2&quot;:0,&quot;5&quot;:{&quot;1&quot;:2,&quot;2&quot;:0}},{&quot;1&quot;:0,&quot;2&quot;:0,&quot;3&quot;:3},{&quot;1&quot;:1,&quot;2&quot;:0,&quot;4&quot;:1}]},&quot;6&quot;:{&quot;1&quot;:[{&quot;1&quot;:2,&quot;2&quot;:0,&quot;5&quot;:{&quot;1&quot;:2,&quot;2&quot;:0}},{&quot;1&quot;:0,&quot;2&quot;:0,&quot;3&quot;:3},{&quot;1&quot;:1,&quot;2&quot;:0,&quot;4&quot;:1}]},&quot;7&quot;:{&quot;1&quot;:[{&quot;1&quot;:2,&quot;2&quot;:0,&quot;5&quot;:{&quot;1&quot;:2,&quot;2&quot;:0}},{&quot;1&quot;:0,&quot;2&quot;:0,&quot;3&quot;:3},{&quot;1&quot;:1,&quot;2&quot;:0,&quot;4&quot;:1}]},&quot;8&quot;:{&quot;1&quot;:[{&quot;1&quot;:2,&quot;2&quot;:0,&quot;5&quot;:{&quot;1&quot;:2,&quot;2&quot;:0}},{&quot;1&quot;:0,&quot;2&quot;:0,&quot;3&quot;:3},{&quot;1&quot;:1,&quot;2&quot;:0,&quot;4&quot;:1}]},&quot;9&quot;:0,&quot;10&quot;:1,&quot;11&quot;:4,&quot;12&quot;:0}\">Esperienze di monitoraggio e valutazione delle leggi nei Consigli regionali\u00a0<\/span><\/span><\/p>\n<p><span style=\"color: #333333\">La valutazione <em>ex post<\/em> delle leggi, pur prevista da tempo da diversi atti governativi, stenta ad essere praticata a livello statale, mentre trova terreno pi\u00f9 fertile a livello regionale, dove da tempo, grazie al progetto CAPIRE \u00e8 in atto il monitoraggio e la valutazione di diverse leggi. Potrebbe essere interessante raccogliere le esperienze significative e verificare come queste possano eventualmente essere implementate anche a livello nazionale. La tesi potrebbe essere affiancata da un tirocinio presso l&#8217;Assemblea legislativa dell&#8217;Emilia-Romagna o altri Consigli regionali di interesse del laureando, previa verifica della rispettiva disponibilit\u00e0.<\/span><\/p>\n<p><span style=\"color: #e73b00\"><span data-sheets-root=\"1\" data-sheets-value=\"{&quot;1&quot;:2,&quot;2&quot;:&quot;2. L'eterno mito della semplificazione normativa: a che punto siamo?&quot;}\" data-sheets-userformat=\"{&quot;2&quot;:1021,&quot;3&quot;:{&quot;1&quot;:0},&quot;5&quot;:{&quot;1&quot;:[{&quot;1&quot;:2,&quot;2&quot;:0,&quot;5&quot;:{&quot;1&quot;:2,&quot;2&quot;:0}},{&quot;1&quot;:0,&quot;2&quot;:0,&quot;3&quot;:3},{&quot;1&quot;:1,&quot;2&quot;:0,&quot;4&quot;:1}]},&quot;6&quot;:{&quot;1&quot;:[{&quot;1&quot;:2,&quot;2&quot;:0,&quot;5&quot;:{&quot;1&quot;:2,&quot;2&quot;:0}},{&quot;1&quot;:0,&quot;2&quot;:0,&quot;3&quot;:3},{&quot;1&quot;:1,&quot;2&quot;:0,&quot;4&quot;:1}]},&quot;7&quot;:{&quot;1&quot;:[{&quot;1&quot;:2,&quot;2&quot;:0,&quot;5&quot;:{&quot;1&quot;:2,&quot;2&quot;:0}},{&quot;1&quot;:0,&quot;2&quot;:0,&quot;3&quot;:3},{&quot;1&quot;:1,&quot;2&quot;:0,&quot;4&quot;:1}]},&quot;8&quot;:{&quot;1&quot;:[{&quot;1&quot;:2,&quot;2&quot;:0,&quot;5&quot;:{&quot;1&quot;:2,&quot;2&quot;:0}},{&quot;1&quot;:0,&quot;2&quot;:0,&quot;3&quot;:3},{&quot;1&quot;:1,&quot;2&quot;:0,&quot;4&quot;:1}]},&quot;9&quot;:0,&quot;10&quot;:1,&quot;11&quot;:4,&quot;12&quot;:0}\">4) Le nuove frontiere dell&#8217;analisi di impatto della regolazione: dall&#8217;impatto di genere a quello ambientale<\/span><\/span><\/p>\n<p><span style=\"color: #333333\">L&#8217;analisi di impatto della regolamentazione, introdotta ormai da pi\u00f9 di vent&#8217;anni, considera diversi aspetti di fattibilit\u00e0 della legge, specialmente sotto il profilo economico. L&#8217;attuale interesse per le tematiche di genere e per le questioni ambientali potrebbero rappresentare nuove frontiere di cui sarebbe opportuno tenere conto, analogamente a quanto gi\u00e0 avviene in altri Paesi e, a livello sperimentale, si sta iniziando anche in Italia. La tesi, che, previa verifica della disponibilit\u00e0, potrebbe essere accompagnata da un tirocinio presso strutture parlamentari, potrebbe provare a tracciare un quadro di queste <em>best practices<\/em> e verificare come esse potrebbero essere implementate nel quadro attuale dell&#8217;AIR.<\/span><\/p>\n<p><span style=\"color: #e73b00\"><span data-sheets-root=\"1\" data-sheets-value=\"{&quot;1&quot;:2,&quot;2&quot;:&quot;2. L'eterno mito della semplificazione normativa: a che punto siamo?&quot;}\" data-sheets-userformat=\"{&quot;2&quot;:1021,&quot;3&quot;:{&quot;1&quot;:0},&quot;5&quot;:{&quot;1&quot;:[{&quot;1&quot;:2,&quot;2&quot;:0,&quot;5&quot;:{&quot;1&quot;:2,&quot;2&quot;:0}},{&quot;1&quot;:0,&quot;2&quot;:0,&quot;3&quot;:3},{&quot;1&quot;:1,&quot;2&quot;:0,&quot;4&quot;:1}]},&quot;6&quot;:{&quot;1&quot;:[{&quot;1&quot;:2,&quot;2&quot;:0,&quot;5&quot;:{&quot;1&quot;:2,&quot;2&quot;:0}},{&quot;1&quot;:0,&quot;2&quot;:0,&quot;3&quot;:3},{&quot;1&quot;:1,&quot;2&quot;:0,&quot;4&quot;:1}]},&quot;7&quot;:{&quot;1&quot;:[{&quot;1&quot;:2,&quot;2&quot;:0,&quot;5&quot;:{&quot;1&quot;:2,&quot;2&quot;:0}},{&quot;1&quot;:0,&quot;2&quot;:0,&quot;3&quot;:3},{&quot;1&quot;:1,&quot;2&quot;:0,&quot;4&quot;:1}]},&quot;8&quot;:{&quot;1&quot;:[{&quot;1&quot;:2,&quot;2&quot;:0,&quot;5&quot;:{&quot;1&quot;:2,&quot;2&quot;:0}},{&quot;1&quot;:0,&quot;2&quot;:0,&quot;3&quot;:3},{&quot;1&quot;:1,&quot;2&quot;:0,&quot;4&quot;:1}]},&quot;9&quot;:0,&quot;10&quot;:1,&quot;11&quot;:4,&quot;12&quot;:0}\">5) Il linguaggio di genere nella legislazione<\/span><\/span><\/p>\n<p><span style=\"color: #333333\">L&#8217;attenzione per il linguaggio di genere \u00e8 ormai un dato acquisito in molti ambiti e in alcuni Paesi ci si \u00e8 chiesto se questo debba essere esteso alla legislazione e finanche alla Costituzione. In Italia il problema si \u00e8 posto per ora pi\u00f9 che altro nel linguaggio della Pubblica Amministrazione, per le fonti secondarie e per i provvedimenti giurisdizionali, ma \u00e8 facile prevedere che anche la formulazione delle leggi dovr\u00e0 presto porsi il problema. Il lavoro di tesi potrebbe ricostruire gli orientamenti sul punto nel quadro comparato per verificare come il nostro ordinamento potrebbe affrontare al meglio la questione. La tesi potrebbe comprendere la riscrittura a titolo di <em>case study<\/em> di un atto normativo in questa prospettiva.<\/span><\/p>\n<p><span style=\"color: #e73b00\">6) La legge annuale per la concorrenza<\/span><\/p>\n<p>La legge annuale per la concorrenza \u00e8 stata introdotta nel 2009 come strumento per monitorare e rivedere periodicamente lo stato della legislazione al fine di verificare se permangano ostacoli normativi al gioco competitivo e all\u2019efficiente funzionamento dei mercati, tenendo conto del quadro socioeconomico. Dopo un iniziale periodo di sostanziale desuetudine, l&#8217;istituto, che coinvolge fattivamente l&#8217;Autorit\u00e0 Garante della Concorrenza e del Mercato con significativi poteri paranormativi, ha iniziato a funzionare, tanto che anche il PNRR e disegni di legge in materia di semplificazione puntano ad un suo consolidamento e valorizzazione. Il lavoro di tesi potrebbe ricostruire questa evoluzione e valutare l&#8217;efficacia che queste leggi hanno avuto per poi evidenziare, anche in prospettiva <em>de jure condendo<\/em>, eventuali criticit\u00e0 e suggerire possibili soluzioni.<\/p>\n<p><span style=\"color: #e73b00\">7) La <em>compliance<\/em> aziendale<\/span><\/p>\n<p>Negli ultimi trent&#8217;anni si \u00e8 andata consolidando la tendenza del legislatore ad imporre alle imprese di adeguarsi a determinati standard normativi, talora con forme di incentivazione premiale talaltra con obblighi cogenti, implementando al proprio interno, come modalit\u00e0 di gestione aziendale, il perseguimento di finalit\u00e0 di interesse generale. Il campo della\u00a0<em>compliance\u00a0<\/em>\u00e8 ormai vasto e variegato, tanto da essere oggetto di una precisa funzione aziendale, che in alcuni modelli organizzativi assurge ad autonomo centro di responsabilit\u00e0, al servizio del management. Un lavoro di tesi potrebbe cercare di raccogliere e sistematizzare questo complesso normativo, invero confuso e non sistematico, e analizzare l&#8217;impatto di questo approccio e le sue prospettive future. Lavori di tesi pi\u00f9 specifici potrebbero soffermarsi sulla compliance nel mondo digitale, che presenta alcune specificit\u00e0 ma anche la caratteristica di essere diffusa a tutti gli ambiti di questi mercati (dalla privacy alla cybersecurity, dall&#8217;IA alla prestazione di servizi digitali, per fare qualche esempio&#8230;).<\/p>\n<p><span style=\"color: #e73b00\">8) <\/span><em style=\"color: #e73b00\">Law and Humanities\u00a0<\/em><\/p>\n<p>Un filone di ricerca relativamente nuovo e poco esplorato in Italia \u00e8 quello della prospettiva di analisi <em>law and humanities<\/em>, volto a verificare i reciproci rapporti che legano il mondo del diritto in generale e la letteratura, il cinema, l&#8217;arte, ecc., sia per la rappresentazione che di determinati aspetti giuridici viene data in (altre) scienze umane, sia per le influenze che sul decisore possono derivare da queste. Questo approccio pu\u00f2 essere applicato a svariate branche del diritto e pu\u00f2 trovare molti punti di contatto e interesse anche per studenti di corsi di laurea ad indirizzo economico e aziendalistico. Si potrebbe, ad esempio, analizzare come i diritti sociali (al lavoro, all&#8217;istruzione, ecc.) sono visti nella letteratura e come questa possa offrire nuove prospettive utili al regolatore; altro argomento, pi\u00f9 specialistico, \u00e8 quello del romanzo parlamentare, genere letterario praticato soprattutto nell&#8217;Ottocento in tutta Europa, in cui l&#8217;attivit\u00e0 parlamentare \u00e8 al centro della vicenda letteraria.<\/p>\n","protected":false},"excerpt":{"rendered":"<p>La redazione della tesi di laurea rappresenta un momento molto importante nella carriera di uno studente, che con essa conclude il percorso dei propri studi. \u00c8 quindi opportuno scegliere con attenzione il relatore ed il tema della tesi non solo<\/p>\n","protected":false},"author":10,"featured_media":0,"parent":0,"menu_order":0,"comment_status":"closed","ping_status":"closed","template":"","meta":{"footnotes":""},"class_list":["post-64","page","type-page","status-publish","hentry"],"yoast_head":"<!-- This site is optimized with the Yoast SEO plugin v27.4 - https:\/\/yoast.com\/product\/yoast-seo-wordpress\/ -->\n<title>Tesi di laurea - Simone Scagliarini<\/title>\n<meta name=\"robots\" content=\"index, follow, max-snippet:-1, max-image-preview:large, max-video-preview:-1\" \/>\n<link rel=\"canonical\" href=\"https:\/\/morespace.economia.unimore.it\/simonescagliarini\/tesi-di-laurea\/\" \/>\n<meta property=\"og:locale\" content=\"it_IT\" \/>\n<meta property=\"og:type\" content=\"article\" \/>\n<meta property=\"og:title\" content=\"Tesi di laurea - Simone Scagliarini\" \/>\n<meta property=\"og:description\" content=\"La redazione della tesi di laurea rappresenta un momento molto importante nella carriera di uno studente, che con essa conclude il percorso dei propri studi. \u00c8 quindi opportuno scegliere con attenzione il relatore ed il tema della tesi non solo\" \/>\n<meta property=\"og:url\" content=\"https:\/\/morespace.economia.unimore.it\/simonescagliarini\/tesi-di-laurea\/\" \/>\n<meta property=\"og:site_name\" content=\"Simone Scagliarini\" \/>\n<meta property=\"article:modified_time\" content=\"2025-11-01T11:44:38+00:00\" \/>\n<meta name=\"twitter:card\" content=\"summary_large_image\" \/>\n<meta name=\"twitter:label1\" content=\"Tempo di lettura stimato\" \/>\n\t<meta name=\"twitter:data1\" content=\"8 minuti\" \/>\n<script type=\"application\/ld+json\" class=\"yoast-schema-graph\">{\"@context\":\"https:\\\/\\\/schema.org\",\"@graph\":[{\"@type\":\"WebPage\",\"@id\":\"https:\\\/\\\/morespace.economia.unimore.it\\\/simonescagliarini\\\/tesi-di-laurea\\\/\",\"url\":\"https:\\\/\\\/morespace.economia.unimore.it\\\/simonescagliarini\\\/tesi-di-laurea\\\/\",\"name\":\"Tesi di laurea - Simone Scagliarini\",\"isPartOf\":{\"@id\":\"https:\\\/\\\/morespace.economia.unimore.it\\\/simonescagliarini\\\/#website\"},\"datePublished\":\"2015-08-08T09:43:17+00:00\",\"dateModified\":\"2025-11-01T11:44:38+00:00\",\"breadcrumb\":{\"@id\":\"https:\\\/\\\/morespace.economia.unimore.it\\\/simonescagliarini\\\/tesi-di-laurea\\\/#breadcrumb\"},\"inLanguage\":\"it-IT\",\"potentialAction\":[{\"@type\":\"ReadAction\",\"target\":[\"https:\\\/\\\/morespace.economia.unimore.it\\\/simonescagliarini\\\/tesi-di-laurea\\\/\"]}]},{\"@type\":\"BreadcrumbList\",\"@id\":\"https:\\\/\\\/morespace.economia.unimore.it\\\/simonescagliarini\\\/tesi-di-laurea\\\/#breadcrumb\",\"itemListElement\":[{\"@type\":\"ListItem\",\"position\":1,\"name\":\"Home\",\"item\":\"https:\\\/\\\/morespace.economia.unimore.it\\\/simonescagliarini\\\/\"},{\"@type\":\"ListItem\",\"position\":2,\"name\":\"Tesi di laurea\"}]},{\"@type\":\"WebSite\",\"@id\":\"https:\\\/\\\/morespace.economia.unimore.it\\\/simonescagliarini\\\/#website\",\"url\":\"https:\\\/\\\/morespace.economia.unimore.it\\\/simonescagliarini\\\/\",\"name\":\"Simone Scagliarini\",\"description\":\"\",\"potentialAction\":[{\"@type\":\"SearchAction\",\"target\":{\"@type\":\"EntryPoint\",\"urlTemplate\":\"https:\\\/\\\/morespace.economia.unimore.it\\\/simonescagliarini\\\/?s={search_term_string}\"},\"query-input\":{\"@type\":\"PropertyValueSpecification\",\"valueRequired\":true,\"valueName\":\"search_term_string\"}}],\"inLanguage\":\"it-IT\"}]}<\/script>\n<!-- \/ Yoast SEO plugin. -->","yoast_head_json":{"title":"Tesi di laurea - Simone Scagliarini","robots":{"index":"index","follow":"follow","max-snippet":"max-snippet:-1","max-image-preview":"max-image-preview:large","max-video-preview":"max-video-preview:-1"},"canonical":"https:\/\/morespace.economia.unimore.it\/simonescagliarini\/tesi-di-laurea\/","og_locale":"it_IT","og_type":"article","og_title":"Tesi di laurea - Simone Scagliarini","og_description":"La redazione della tesi di laurea rappresenta un momento molto importante nella carriera di uno studente, che con essa conclude il percorso dei propri studi. \u00c8 quindi opportuno scegliere con attenzione il relatore ed il tema della tesi non solo","og_url":"https:\/\/morespace.economia.unimore.it\/simonescagliarini\/tesi-di-laurea\/","og_site_name":"Simone Scagliarini","article_modified_time":"2025-11-01T11:44:38+00:00","twitter_card":"summary_large_image","twitter_misc":{"Tempo di lettura stimato":"8 minuti"},"schema":{"@context":"https:\/\/schema.org","@graph":[{"@type":"WebPage","@id":"https:\/\/morespace.economia.unimore.it\/simonescagliarini\/tesi-di-laurea\/","url":"https:\/\/morespace.economia.unimore.it\/simonescagliarini\/tesi-di-laurea\/","name":"Tesi di laurea - Simone Scagliarini","isPartOf":{"@id":"https:\/\/morespace.economia.unimore.it\/simonescagliarini\/#website"},"datePublished":"2015-08-08T09:43:17+00:00","dateModified":"2025-11-01T11:44:38+00:00","breadcrumb":{"@id":"https:\/\/morespace.economia.unimore.it\/simonescagliarini\/tesi-di-laurea\/#breadcrumb"},"inLanguage":"it-IT","potentialAction":[{"@type":"ReadAction","target":["https:\/\/morespace.economia.unimore.it\/simonescagliarini\/tesi-di-laurea\/"]}]},{"@type":"BreadcrumbList","@id":"https:\/\/morespace.economia.unimore.it\/simonescagliarini\/tesi-di-laurea\/#breadcrumb","itemListElement":[{"@type":"ListItem","position":1,"name":"Home","item":"https:\/\/morespace.economia.unimore.it\/simonescagliarini\/"},{"@type":"ListItem","position":2,"name":"Tesi di laurea"}]},{"@type":"WebSite","@id":"https:\/\/morespace.economia.unimore.it\/simonescagliarini\/#website","url":"https:\/\/morespace.economia.unimore.it\/simonescagliarini\/","name":"Simone Scagliarini","description":"","potentialAction":[{"@type":"SearchAction","target":{"@type":"EntryPoint","urlTemplate":"https:\/\/morespace.economia.unimore.it\/simonescagliarini\/?s={search_term_string}"},"query-input":{"@type":"PropertyValueSpecification","valueRequired":true,"valueName":"search_term_string"}}],"inLanguage":"it-IT"}]}},"_links":{"self":[{"href":"https:\/\/morespace.economia.unimore.it\/simonescagliarini\/wp-json\/wp\/v2\/pages\/64","targetHints":{"allow":["GET"]}}],"collection":[{"href":"https:\/\/morespace.economia.unimore.it\/simonescagliarini\/wp-json\/wp\/v2\/pages"}],"about":[{"href":"https:\/\/morespace.economia.unimore.it\/simonescagliarini\/wp-json\/wp\/v2\/types\/page"}],"author":[{"embeddable":true,"href":"https:\/\/morespace.economia.unimore.it\/simonescagliarini\/wp-json\/wp\/v2\/users\/10"}],"replies":[{"embeddable":true,"href":"https:\/\/morespace.economia.unimore.it\/simonescagliarini\/wp-json\/wp\/v2\/comments?post=64"}],"version-history":[{"count":9,"href":"https:\/\/morespace.economia.unimore.it\/simonescagliarini\/wp-json\/wp\/v2\/pages\/64\/revisions"}],"predecessor-version":[{"id":410,"href":"https:\/\/morespace.economia.unimore.it\/simonescagliarini\/wp-json\/wp\/v2\/pages\/64\/revisions\/410"}],"wp:attachment":[{"href":"https:\/\/morespace.economia.unimore.it\/simonescagliarini\/wp-json\/wp\/v2\/media?parent=64"}],"curies":[{"name":"wp","href":"https:\/\/api.w.org\/{rel}","templated":true}]}}